 -1)?
3
Let r = -38 - -84. Suppose -2*i = -r - 58. What is the units digit of i?
2
Suppose 11*b = 244 + 9. What is the tens digit of b?
2
Let g = 17 - 13. Suppose -9 = -5*a + 3*n, 3*n - 6 = -g*a + 5*n. Suppose -3*i + 42 - 18 = a. What is the units digit of i?
8
Suppose 4*p - 30 = -2*t, -5*t = -4*p - 20 + 1. Let z = -278 - -516. Suppose 0 = -0*q - t*q + z. What is the tens digit of q?
3
Let u(s) = 4*s**2 - 30*s - 38. Let g(o) = 6*o**2 - 45*o - 57. Let t(y) = 5*g(y) - 7*u(y). What is the units digit of t(9)?
8
Suppose 194 = -28*g + 33318. What is the hundreds digit of g?
1
Let g = 1669 + -1111. What is the tens digit of g?
5
Let y(z) = 5 - 5 + 5 - 5*z + z**2 - 2. Let p be y(5). Let s = 1 + p. What is the units digit of s?
4
Suppose 3*b + g - 429 = 228, 4*b - 857 = 5*g. Suppose -5*h - b = -3*x, 3*x - 206 = h + h. What is the units digit of x?
6
Let l(n) = 7*n**2 - 33*n + 261. What is the tens digit of l(27)?
7
Suppose -11*g - 216 = -13*g. Suppose 3*f = d + 190, -5*f + 424 = -2*d + g. What is the tens digit of f?
6
Let b = 55 + -55. Suppose 4*h + 3*s - 678 = b, -2*h - h = -s - 502. What is the tens digit of h?
6
Suppose 299 + 103 = 3*a. Suppose -2*l - l - 5*m = -402, -5*m - a = -l. What is the units digit of l?
4
Suppose 2 = -2*m - 4*h, 8*m - 13*m = -h + 38. What is the tens digit of ((-444)/(-10))/(((-63)/30)/m)?
4
What is the tens digit of 3*7/(-42)*-1074?
3
Let w(r) = r**2 - 12*r + 5. Let v be w(9). What is the units digit of (-1192)/v - (-16)/(-88)?
4
Suppose 20 = -0*x + 4*x. Suppose 3*g + 3 = -z, -x*g = -g + 4*z + 12. Suppose 8 = 2*p - g*p. What is the units digit of p?
4
Let o(p) = p**3 - 13*p**2 - 18*p + 2. Let f be o(15). Suppose u = 3*u - f. What is the tens digit of u?
9
Let b be (1/(-3))/(7/(-42)). Suppose 2*r + 0*r - 5*u = -43, b*r + 16 = -4*u. Let z = r - -58. What is the tens digit of z?
4
Suppose -4*p = -4*i + 4844, 22 = 3*p + 7. What is the units digit of i?
6
Suppose 0 = 2*b - 13 + 5. Suppose -6 = -3*i + 6*i, b*t = -5*i + 270. What is the units digit of t?
0
Suppose -5*s = 4*i - 3123, -3*s - 61 = 5*i - 1940. What is the tens digit of s?
2
Let k(o) = -12*o**2 + 0*o - 12*o**2 + 28*o**2 - o**3 - 3*o. What is the units digit of k(2)?
2
Suppose -345 = -5*x - 2*r + 5*r, -5*r - 119 = -2*x. What is the units digit of x?
2
Suppose 3*q - q - 3*z - 173 = 0, 4*q = -4*z + 396. What is the units digit of q?
4
Suppose 4*d + 3789 = x, 0 = -4*x + d + 5255 + 9961. What is the units digit of x?
5
What is the tens digit of ((-4816)/12)/((-6)/9)?
0
Suppose 5*r - 80 - 255 = 0. Let i = -40 + r. What is the units digit of i?
7
Let p = -26 - -26. Suppose 0 = -4*l - p*l + 5*y + 416, 2*l - 3*y = 206. What is the hundreds digit of l?
1
Suppose -14510 = -27*q + 22*q. What is the hundreds digit of q?
9
Suppose -f + 626 = 2*m - 988, -3*m + 3*f + 2430 = 0. What is the hundreds digit of m?
8
Let l = -13 + 11. Let b = 5 + -1. What is the units digit of (b - 0) + l + 2?
4
Let g(x) = 2*x**3 - 4*x**2 + 4*x - 1. Let m be g(6). Let d = m + -143. What is the units digit of d?
8
Let g be ((0 - 3) + -2)*3. Let n be 18/g*(-15)/6. Suppose 3*m + 2*m - 5*l = 15, -5*m - l = -n. What is the units digit of m?
1
Let h = -17 - -226. What is the tens digit of h?
0
Suppose 0 = 22*d - 71852 - 40964. What is the hundreds digit of d?
1
Suppose 10*k = -0*k + 30. Suppose -k*y = -0*y - 276. What is the tens digit of y?
9
Let b(w) = w**2. Let x(l) = -3*l**2 + l + 83. Let c(h) = 4*b(h) + x(h). What is the units digit of c(0)?
3
Let l(b) = b**2 + 1. Let z(y) = y**3 - 7*y**2. Let g(q) = 4*l(q) + z(q). Let f(r) = r + 10. Let a be f(-7). What is the units digit of g(a)?
4
Suppose 3*i + 2*k - 19671 = 4*k, 4*i = 3*k + 26227. What is the tens digit of i?
5
Let j(i) = -i**3 + 10*i**2 - 12*i - 5. Let n be 2 + (-16)/7 + 696/84. What is the tens digit of j(n)?
2
Let w be -2*((-161)/(-2) + -5). Let z = -81 - w. What is the tens digit of z?
7
Let l = 2 - -11. Let c = -124 + 128. Suppose 3 = c*m - l. What is the units digit of m?
4
Let g = -465 + 905. What is the hundreds digit of g?
4
Suppose -3*m - 5*q = -39, -4*q = -3*m - q + 39. Let v = -5 - 10. Let l = m - v. What is the units digit of l?
8
Let w(c) = -2*c**3 + 5*c**2 + 5*c - 4. Let a be w(3). Suppose o - a*q - 61 = 0, 6*q + 330 = 5*o + q. What is the tens digit of o?
7
Let f be (-6)/(-1)*(-1)/(-2). Suppose k + 3*x = 17, -f*k - 3*x + 67 = 2*x. What is the units digit of k?
9
What is the thousands digit of -6 + -17007*(-7)/(-21)*-1?
5
Suppose 0 = 5*u - 12*u + 511. Suppose 14*k = 15*k - u. What is the units digit of k?
3
Let l(u) = 2*u - 7 - 5 + 1 + 0 + u**2. Suppose 7 = 2*m + 17. What is the units digit of l(m)?
4
What is the tens digit of -10 - -628 - (-1 - -4)?
1
Let b be (-110)/(-2) + 1 + 3. Suppose -3*t + 6 + b = 4*y, 5*t + 2*y = 127. What is the units digit of t?
7
Let h(i) = i + 13*i**2 + i - 8*i - 210 + 198. What is the tens digit of h(-4)?
2
Suppose -r + 3*o + 7 = -329, -2*r - 5*o + 716 = 0. What is the units digit of r?
8
Let n be ((-40)/12)/(3 + (-24)/9). Let v = 98 - n. What is the tens digit of v?
0
Suppose -2*l = -5*u - 1823, -5*l - 3*u + 4573 = -0*l. What is the hundreds digit of l?
9
Let q(p) = p - 2*p + 2*p + 123*p**2. What is the hundreds digit of q(-1)?
1
What is the hundreds digit of (-1286)/10*(18 + -38)?
5
Let v(o) = -o + 14. Let y be v(11). Suppose -2*u = r - 24, 32 = 3*r - y*u + u. Let c = r - 8. What is the units digit of c?
6
Suppose -8*i + 961 = -7*i + 3*c, 0 = -4*c + 20. What is the hundreds digit of i?
9
Suppose 3359 = 3*j - 5*c, 1599 = -5*j - c + 7160. What is the hundreds digit of j?
1
Let x = 35 + 252. What is the units digit of x?
7
Let i(f) be the third derivative of 0*f - 3*f**2 + 1/60*f**5 + 5/24*f**4 + 4/3*f**3 + 0. What is the tens digit of i(-6)?
1
Let c = 887 + -804. What is the units digit of c?
3
Suppose -m = 29 - 9. Let s be ((-8)/m)/(3/120). Suppose -3*k + s = -k. What is the units digit of k?
8
What is the thousands digit of (-67732)/(-24) - 37/222?
2
Let j(c) be the third derivative of 0*c + 6*c**2 + 0 - 2/3*c**3 + 1/12*c**4. What is the tens digit of j(8)?
1
Suppose 0 = -3*o + 4*w + 35, -4*o + 2*o = -3*w - 24. Suppose 0 = -i + o + 72. What is the units digit of i?
1
Suppose -3*y - y + 560 = -4*m, -2*m = 4*y + 250. Let l = m - -523. What is the tens digit of 18/63 - l/(-14)?
2
What is the units digit of (-10 + 6 + 63)*1?
9
Suppose 5*p = -g + 310, 162 - 1052 = -3*g - 5*p. What is the units digit of g?
0
Suppose 10*o = -8*o + 16344. What is the hundreds digit of o?
9
Let k(m) = -35*m**3 - 4*m**2 + 7*m + 4. What is the units digit of k(-4)?
2
Let n = 768 + 958. What is the tens digit of n?
2
Suppose 3*d - 10 = 11. Suppose d = -15*x + 16*x. Suppose 15 = -4*i + x*i. What is the units digit of i?
5
Let o(r) = 48*r**3 + 3*r**2. What is the hundreds digit of o(3)?
3
What is the thousands digit of -3*(37320/(-36) - -11)?
3
Let h(s) = -139*s - 130. What is the tens digit of h(-6)?
0
Suppose 3*k = -2*k - 3*w + 15, 3 = k - 2*w. Suppose -n = -k*n + 36. What is the tens digit of 212/n - 6/(-27)?
1
Let l = 248 - 138. What is the units digit of l?
0
Let f(a) = 68*a**2 - 17*a - 33. What is the hundreds digit of f(-2)?
2
Let u(i) = 25*i**2 + 3*i. Let x be u(-2). Suppose -3*s + x + 638 = 0. What is the units digit of (-4)/(-14) - s/(-28)?
9
Let z(i) = i**3 - 11*i**2 + 12*i - 13. Let x be z(10). Suppose 2*m + 630 = x*m. Suppose -5*l + 10 = 0, -5*f + 17 = -l - m. What is the units digit of f?
9
Suppose -5*q + 36 = 4*l, 2*q - 8 = -l + 7. Let r be 2 - 2*4/q. Let z(d) = 7*d**2 - d. What is the units digit of z(r)?
6
Let r = -10 - -13. Let f be (r - 2) + (-2)/2. What is the tens digit of 28 - -1 - (-1 + f)?
3
Let y = -2314 - -4562. What is the units digit of y?
8
Let v(u) = u**2 - 4*u - 4. Let r be 30/2*(-2)/(-6). What is the units digit of v(r)?
1
Suppose 10563 + 3365 = 8*z. What is the thousands digit of z?
1
Suppose -34 = -3*d + 113. Let a be (-14)/d + 4/14. Let j = a - -12. What is the tens digit of j?
1
Let j = -1276 - -1480. Suppose -2*f - 5*c = 49 + 242, 5*f + c + 716 = 0. Let q = j + f. What is the tens digit of q?
6
Suppose -21 = -5*b + 9. Suppose -12*v + b*v = -72. What is the units digit of v?
2
Let q(i) = -5*i - 4. Let x = -8 - -16. Suppose -5*w = -6*w + 4*l + 13, -3*l - x = -w. What is the units digit of q(w)?
1
